 of l and u?
13
Let r(m) = -55*m + 4. Let t be r(-2). Suppose -5*b - t = -8*b. Let d = b + -26. What is the greatest common factor of d and 12?
12
Let l = 749 + -734. Let h be -3 + l - (-2 + (2 - 2)). What is the highest common factor of 406 and h?
14
Let b be 434/10 + -1 - 8/20. Let s = b - 8. Let m be 3 + -5 + (18 - -1). What is the greatest common factor of m and s?
17
Suppose 47*r - 50777 - 22886 + 1424 = 0. Calculate the greatest common divisor of 106 and r.
53
Suppose 50*k = -37*k + 24*k + 34839. What is the highest common divisor of 175 and k?
7
Let q(o) = 12*o + 20. Let m(t) = -t + 2. Let p(y) = 28*m(y) - 2*q(y). Let j be p(-1). Calculate the highest common factor of 204 and j.
68
Let o(i) = 9*i**2 + 44*i - 129. Let l be o(-11). What is the greatest common divisor of 448 and l?
28
Suppose 5*h + 13 - 38 = -5*y, y = -4*h + 41. Let g = -5 + 2. Let n be (-1)/g - 17/(-3). What is the greatest common divisor of n and h?
6
Let s be 4/((-12)/(-739)) - 285/(-171). What is the highest common factor of 104 and s?
8
Let t be (-4540)/(-18) - (-4)/(-18). Let w = 5 + 25. Suppose -12 = 4*v, w + 10 = q - 4*v. What is the greatest common factor of q and t?
28
Suppose -3*x = -3*b + 1023, -4*b - 25*x + 21*x = -1388. Let l = 226 + 32. Calculate the highest common divisor of b and l.
86
Let o(s) = -s**3 + 10*s**2 + 17*s - 12. Let m = -351 - -359. Let g be o(m). Calculate the greatest common divisor of 36 and g.
36
Let u(r) = 2*r**3 - 12*r**2 + 8*r - 9. Let v be u(9). What is the highest common divisor of v and 18?
9
Suppose -59*n = -41*n - 122310. Calculate the greatest common factor of n and 45.
45
Let p(q) = q**3 - 3*q**2 - 9*q + 9. Let y be p(6). Suppose 0 = -4*b + j + 2528, -3*j + 14 = -0*j + 38. Calculate the highest common factor of b and y.
63
Let o be 10 - (42/7 - 10). Suppose m + 32 = -3*m. Let i = -1 - m. Calculate the highest common factor of o and i.
7
Suppose s + 3 = -0*s, 4*k - 153 = -s. Let y = -447 - -449. Suppose 0 = -3*g - 3, y*g + 2*g + k = 5*v. What is the greatest common factor of v and 56?
7
Suppose 22*d - 17*d = 5. Suppose 26*o - 29*o + 3 = 0. Let c be (-89)/(-5) + o*d/5. What is the highest common factor of c and 12?
6
Let u be -3 + 31 + 1/(-1). Suppose 0 = -3*z + 5*d + 153, -2*z - 543 = -3*d - 642. Calculate the greatest common factor of u and z.
9
Let w = -633 + 702. Calculate the greatest common factor of 6900 and w.
69
Let i be 1/(-6) - (5 - 220328/48 - -5). Calculate the highest common factor of i and 20.
20
Let y(x) = 5 + 8*x**2 + 4*x**2 + 3*x + 3 + 2*x**3 - 10*x**2. Let w be y(4). Suppose -13*p + 10*p = -w. What is the greatest common factor of 660 and p?
60
Let b be (-169866)/(-14) - ((-6)/(-21) - 0). Suppose 13*q - 2440 = b. Calculate the greatest common factor of 59 and q.
59
Let n = 58 - 41. Let p(d) = 15*d + 21. Let m be 9/(-6) + (385/10)/11. Let c be p(m). What is the greatest common factor of n and c?
17
Let i = 4428 - 3908. Calculate the greatest common divisor of i and 78.
26
Let j(m) = -13*m + 25*m + 1 - 15*m. Let w be j(0). Let p be w + -3 + (-46)/(-1). What is the greatest common factor of p and 220?
44
Suppose -962 = -7*y + 508. Let d(z) = z**3 + z**2 - 63*z + 12. Let u be d(8). Calculate the highest common factor of u and y.
42
Suppose 0 = 2*l + 33*l - 8*l - 31725. Let i be (40/12)/(2/15). Calculate the greatest common factor of i and l.
25
Let x = 24864 + -24824. What is the greatest common divisor of x and 845?
5
Suppose -m = 2*v - 8, -v + 2*v + 3*m + 1 = 0. Let s(g) = -23*g - 3. Let y be s(-1). Suppose 0 + y = f. What is the highest common divisor of f and v?
5
Suppose 373*h - 398*h = -1400. What is the greatest common divisor of h and 2044?
28
Suppose -3650*m = -3656*m + 111540. Calculate the highest common factor of 220 and m.
110
Suppose -3*a = 13*o - 51834, -4*a = -15 + 11. Calculate the highest common divisor of 81 and o.
9
Let m be ((-4)/6)/((-3 + 18)/(-30780)). Calculate the highest common divisor of 144 and m.
72
Let i(f) = -f - 141. Let c be i(-172). Calculate the greatest common factor of 11377 and c.
31
Let b = 4635 + -4631. What is the highest common divisor of b and 1604?
4
Suppose -15*o - 57*o + 201 = -5*o. Suppose 4*b - 196 = -5*i, 3*i - 7*i + 2*b = -136. What is the greatest common factor of o and i?
3
Suppose -4*f - 5*x = -6*f + 69, -5*f - 5*x + 155 = 0. Calculate the greatest common divisor of f and 1424.
16
Let x(u) = -u + 105. Suppose 2*o + 4*o = 0. Let t be x(o). What is the highest common divisor of 45 and t?
15
Let o(r) = 3*r**3 + 8*r**2 - 8*r + 187. Let w be o(15). Calculate the highest common divisor of w and 16.
8
Let a be (-1)/(1/(-216)) - -1. Let k = -10880 + 10942. Calculate the greatest common divisor of k and a.
31
Suppose -38*b + 42*b - 16 = 0. Suppose 2*a = a - a. Let y(r) = -3*r + 1. Let d be y(a). What is the highest common divisor of b and d?
1
Let r = 210 + -204. Let i be 1/(-3)*(3 + -66). What is the highest common divisor of r and i?
3
Let b be (12/(-9) + 1)*-432 - 3. Calculate the greatest common factor of 235 and b.
47
Let y = 128 - 74. Suppose 23 = 4*z + 3. Suppose 0 = 3*x - z*x + 72. Calculate the greatest common divisor of x and y.
18
Let d(m) = m + 1. Let k be d(-4). Let x = 29 - k. Let f = 76 - x. What is the highest common divisor of f and 11?
11
Let v be 72/32*3332/21. Let q(d) = -d**2 + 21. Let f be q(0). What is the highest common factor of f and v?
21
Let w(a) = -13*a - 63. Let o(z) = -z**2 - z. Let s(x) = -5*o(x) + w(x). Let f be s(-6). Calculate the highest common divisor of f and 20.
5
Suppose -36 = 213*m - 217*m. Suppose -m*i - 10 = -136. What is the highest common divisor of 56 and i?
14
Let m be ((-6)/9)/((-7)/42). Suppose p - 23 - 2 = 5*x, 0 = 5*p - m*x - 167. What is the greatest common factor of 245 and p?
35
Let h = 24611 + -24267. Calculate the greatest common factor of 43 and h.
43
Let m = 2654 - 2594. Let o(l) = l + 6. Let x be o(6). What is the greatest common factor of x and m?
12
Let t be (-3 + 8)*6/(-10). Let w be (-9)/(12/(-4)) + -4 + t. Let m be (38/6)/(22/(-6) - w). Calculate the greatest common divisor of 209 and m.
19
Suppose -c + 9 - 4 = 3*i, i = 2*c - 10. Suppose -960 = -c*n - 5*n. Calculate the highest common factor of n and 64.
32
Suppose 4*j = 8*j - 552. Suppose 0 = -51*n + 13057 + 4538. Calculate the highest common factor of n and j.
69
Let z(x) = -7*x + 161. Let h = 446 + -436. Let m be z(h). What is the greatest common factor of m and 7?
7
Let b be 208 - (5 + 4/(2 - 5 - -1)). What is the highest common factor of b and 656?
41
Suppose 0 = 14*v - 15 - 83. Suppose -8*l = -v*l - 94. Suppose 0 = -5*n + 2*k + 221, 2*k - l = -2*n - 0*n. Calculate the highest common divisor of n and 15.
15
Suppose 9*p + 92 = 5*p. Let x = p + 61. Let w be (-12)/(-30) + 3/15*x. What is the greatest common factor of 4 and w?
4
Let p(c) = -12*c**3 + c**2. Let f be 4/(-3)*45/30. Let x be p(f). Let n be (4 + 18/(-5))/(2/x). What is the highest common divisor of n and 30?
10
Let p(v) = 125*v - 10503. Let j be p(87). What is the greatest common divisor of 3100 and j?
124
Let w be (80/45 - 2) + (-1550)/(-9). Suppose -5*l - j = -485, -w = -2*l + 5*j - j. What is the greatest common factor of 3 and l?
3
Suppose 212*t - 13344 = -66*t. What is the greatest common divisor of 6448 and t?
16
Let x(w) = 131*w + 3. Suppose 29*l = 27*l + 8. Let o be x(l). What is the greatest common factor of 31 and o?
31
Let s be (-350)/50*6760/(-14). Calculate the highest common divisor of s and 20.
20
Let j be 15/(-10)*64/6. Let w be ((-392)/j)/(2/8). What is the greatest common divisor of w and 14?
14
Let s(l) = 9 - 45*l**2 + 46*l**2 - 3*l**3 + 4*l**3 - 2*l**3 + 19*l. Let t be s(-6). What is the greatest common divisor of t and 7?
7
Let k = 607 + -1051. Let g be (6/21)/((-6)/14)*k. What is the highest common factor of 37 and g?
37
Let x be 69*-10*((-21)/(-6))/(-7). What is the greatest common divisor of 460 and x?
115
Suppose 19*f + 11684 = 40*f + 106*f. What is the greatest common factor of f and 1564?
92
Let l(c) = -c**2 - 17*c - 14. Let o be l(-16). Suppose o*v - 60 = -2*j + 10, 157 = 5*j - v. Let z = 401 + -397. Calculate the greatest common factor of z and j.
4
Let h(v) = v**3 - 5*v**2 + 6*v - 5. Let z be h(4). Let j = -6616 - -6616. Suppose j = c - 19 - z. Calculate the highe